d 10?
10
What is the highest common factor of 4984 and 16?
8
Calculate the highest common divisor of 32 and 14.
2
Calculate the highest common factor of 135 and 19395.
45
What is the greatest common factor of 15915 and 15?
15
Calculate the greatest common divisor of 105 and 35.
35
What is the greatest common divisor of 28 and 4158?
14
What is the greatest common factor of 506 and 368?
46
What is the highest common divisor of 385 and 22?
11
What is the greatest common factor of 70245 and 315?
315
What is the highest common divisor of 253 and 69?
23
Calculate the greatest common divisor of 1632 and 51.
51
What is the greatest common factor of 2706 and 9102?
246
What is the greatest common divisor of 3400 and 1768?
136
Calculate the highest common factor of 160 and 544.
32
What is the highest common divisor of 28 and 8?
4
What is the highest common factor of 36 and 30?
6
What is the highest common factor of 649 and 66?
11
Calculate the highest common divisor of 9 and 39.
3
Calculate the greatest common divisor of 9 and 1923.
3
Calculate the greatest common factor of 2666 and 248.
62
Calculate the greatest common factor of 80 and 860.
20
What is the greatest common factor of 968 and 121?
121
What is the highest common factor of 1463 and 399?
133
Calculate the highest common factor of 32 and 9568.
32
What is the highest common factor of 1730 and 10?
10
What is the highest common factor of 11 and 4?
1
What is the highest common divisor of 234 and 585?
117
What is the highest common factor of 15 and 45?
15
Calculate the greatest common factor of 3 and 228.
3
Calculate the highest common divisor of 8 and 8.
8
What is the greatest common divisor of 140 and 105?
35
Calculate the highest common factor of 245 and 5.
5
What is the highest common factor of 28 and 70?
14
What is the greatest common divisor of 50973 and 39?
39
What is the highest common factor of 198 and 33?
33
What is the highest common divisor of 608 and 32?
32
What is the highest common divisor of 16 and 144?
16
What is the greatest common factor of 49 and 469?
7
Calculate the highest common factor of 1807 and 13.
13
Calculate the highest common factor of 825 and 150.
75
What is the highest common factor of 18 and 2856?
6
What is the highest common divisor of 30 and 930?
30
Calculate the greatest common factor of 40 and 216.
8
What is the greatest common factor of 276 and 115?
23
Calculate the greatest common factor of 1888 and 608.
32
What is the greatest common divisor of 953 and 1?
1
What is the greatest common factor of 1457 and 94?
47
What is the highest common divisor of 48 and 9?
3
Calculate the highest common factor of 70 and 518.
14
Calculate the greatest common factor of 392 and 126.
14
Calculate the highest common divisor of 1352 and 104.
104
Calculate the greatest common factor of 9 and 43299.
9
What is the highest common factor of 45 and 105?
15
Calculate the greatest common factor of 804 and 12.
12
Calculate the highest common divisor of 189 and 45.
9
Calculate the greatest common factor of 168 and 462.
42
What is the greatest common factor of 3913 and 39?
13
What is the greatest common divisor of 2175 and 15?
15
Calculate the greatest common divisor of 162 and 2538.
54
Calculate the highest common divisor of 126 and 70.
14
What is the greatest common divisor of 1044 and 36?
36
What is the highest common factor of 3013 and 131?
131
Calculate the highest common factor of 136 and 918.
34
Calculate the greatest common factor of 2292 and 12.
12
Calculate the greatest common factor of 199 and 12139.
199
Calculate the highest common factor of 22896 and 45.
9
Calculate the greatest common factor of 2223 and 171.
171
Calculate the highest common divisor of 36 and 2556.
36
Calculate the greatest common factor of 36090 and 90.
90
Calculate the highest common factor of 1230 and 480.
30
What is the highest common divisor of 33 and 72171?
33
What is the highest common factor of 36 and 4?
4
Calculate the greatest common factor of 98 and 3381.
49
Calculate the highest common divisor of 194 and 4.
2
Calculate the greatest common divisor of 21 and 175.
7
Calculate the greatest common divisor of 9 and 75.
3
Calculate the highest common divisor of 120 and 96.
24
Calculate the highest common divisor of 15958 and 606.
202
Calculate the greatest common factor of 1749 and 33.
33
What is the highest common divisor of 1849 and 43?
43
What is the greatest common factor of 850 and 20?
10
What is the greatest common factor of 442 and 697?
17
What is the greatest common divisor of 143 and 4433?
143
Calculate the greatest common factor of 730 and 146.
146
Calculate the greatest common divisor of 418 and 76.
38
Calculate the highest common divisor of 77 and 33.
11
What is the highest common divisor of 22 and 176?
22
Calculate the greatest common divisor of 6767 and 202.
101
Calculate the greatest common factor of 183 and 327.
3
Calculate the greatest common divisor of 192 and 3904.
64
What is the highest common divisor of 327 and 24?
3
What is the greatest common divisor of 105 and 1?
1
What is the highest common factor of 760 and 57?
19
What is the greatest common divisor of 122 and 56?
2
What is the highest common divisor of 1239 and 21?
21
What is the highest common factor of 149 and 298?
149
Calculate the highest common factor of 110 and 50.
10
What is the highest common divisor of 135 and 195?
15
Calculate the greatest common factor of 113 and 4.
1
What is the greatest common divisor of 399 and 57?
57
Calculate the greatest common divisor of 3108 and 2442.
222
What is the highest common factor of 179 and 1?
1
What is the greatest common divisor of 87 and 6?
3
Calculate the greatest common factor of 975 and 117.
39
Calculate the greatest common factor of 864 and 792.
72
Calculate the greatest common factor of 82 and 2296.
82
What is the greatest common factor of 22242 and 6?
6
Calculate the greatest common factor of 40 and 5820.
20
Calculate the highest common factor of 62 and 8.
2
What is the highest common divisor of 55 and 88?
11
What is the greatest common factor of 120 and 105?
15
Calculate the highest common factor of 2112 and 198.
66
What is the greatest common factor of 615 and 3444?
123
Calculate the highest common divisor of 365 and 485.
5
Calculate the highest common divisor of 1890 and 24.
6
Calculate the greatest common factor of 145 and 87.
29
Calculate the greatest common factor of 8 and 26.
2
Calculate the highest common divisor of 109 and 40657.
109
Calculate the highest common divisor of 21 and 1344.
21
What is the greatest common factor of 220 and 55?
55
What is the highest common divisor of 232 and 48?
8
What is the highest common divisor of 11130 and 30?
30
Calculate the highest common factor of 100 and 125.
25
What is the highest common divisor of 23 and 1081?
23
What is the highest common divisor of 8631 and 3?
3
Calculate the greatest common divisor of 1664 and 32.
32
What is the greatest common divisor of 2541 and 42?
21
What is the greatest common divisor of 1632 and 18?
6
What is the highest common factor of 21 and 78?
3
Calculate the greatest common factor of 26364 and 24.
12
What is the highest common factor of 1233 and 738?
9
Calculate the greatest common factor of 6810 and 40.
10
Calculate the greatest common factor of 16 and 1648.
16
What is the highest common divisor of 518 and 148?
74
Calculate the greatest common divisor of 21 and 3801.
21
Calculate the greatest common divisor of 17 and 85.
17
What is the highest common divisor of 1560 and 1755?
195
What is the highest common divisor of 108 and 3?
3
Calculate the highest common divisor of 125 and 49.
1
What is the highest common divisor of 851 and 37?
37
Calculate the highest common divisor of 63 and 90.
9
What is the greatest common factor of 5 and 35065?
5
Calculate the highest common factor of 12564 and 72.
36
What is the greatest common divisor of 1081 and 47?
47
What is the greatest common factor of 640 and 460?
20
What is the greatest common divisor of 189 and 105?
21
What is the greatest common divisor of 29 and 11?
1
Calculate the greatest common divisor of 2759 and 31.
31
Calculate the greatest common divisor of 702 and 338.
26
Calculate the highest common divisor of 2139 and 837.
93
What is the highest 